{"id":55,"date":"2010-09-15T08:40:35","date_gmt":"2010-04-17T12:56:53","guid":{"rendered":"http:\/\/www.pbpkrasnystaw.pl\/?page_id=55"},"modified":"2026-03-31T11:46:08","modified_gmt":"2026-03-31T09:46:08","slug":"siec-biblioteczna","status":"publish","type":"page","link":"https:\/\/www.pbpkrasnystaw.pl\/?page_id=55","title":{"rendered":"Sie\u0107 biblioteczna"},"content":{"rendered":"<p style=\"text-align: justify;\">W powiecie krasnostawskim funkcjonuje Biblioteka Powiatowa, Biblioteka Miejska, 9 Bibliotek Gminnych i ich 9 filii. Biblioteki oraz ich filie gromadz\u0105 ksi\u0119gozbiory, uwzgl\u0119dniaj\u0105c wiek i skal\u0119 zainteresowa\u0144 wszystkich mi\u0142o\u015bnik\u00f3w literatury. Udost\u0119pniaj\u0105 mieszka\u0144com powiatu zbiory z r\u00f3\u017cnych dziedzin wiedzy. Przede wszystkim coraz bardziej poszukiwan\u0105 literatur\u0119 popularnonaukow\u0105, beletrystyk\u0119 dla dzieci, m\u0142odzie\u017cy i doros\u0142ych, a tak\u017ce lektury zwi\u0105zane z programem nauczania dla wszystkich typ\u00f3w szk\u00f3\u0142, oferuj\u0105 czasopisma, udzielaj\u0105 informacji o zbiorach oraz o regionie. Biblioteki prowadz\u0105 dzia\u0142alno\u015b\u0107 kulturaln\u0105 staraj\u0105c si\u0119 zaspokoi\u0107 potrzeby w zakresie us\u0142ug informacyjnych, edukacyjnych, intelektualnych. Wspieraj\u0105 procesy zdobywania wiedzy oraz promuj\u0105 r\u00f3\u017cne formy pracy kulturalnej i o\u015bwiatowej z czytelnikiem indywidualnym i zbiorowym.<\/p>\n<p>Sie\u0107 bibliotek publicznych w powiecie krasnostawskim<\/p>\n<p><a href=\"https:\/\/www.pbpkrasnystaw.pl\/wp-content\/uploads\/2010\/04\/MapkaBiblio20101.png\"><img loading=\"lazy\" decoding=\"async\" class=\"aligncenter size-full wp-image-928\" title=\"Sie\u0107 Bibliotek w Powiecie krasnostawskim.\" src=\"https:\/\/www.pbpkrasnystaw.pl\/wp-content\/uploads\/2010\/04\/MapkaBiblio20101.png\" alt=\"\" width=\"940\" height=\"580\" srcset=\"https:\/\/www.pbpkrasnystaw.pl\/wp-content\/uploads\/2010\/04\/MapkaBiblio20101.png 900w, https:\/\/www.pbpkrasnystaw.pl\/wp-content\/uploads\/2010\/04\/MapkaBiblio20101-300x185.png 300w\" sizes=\"auto, (max-width: 940px) 100vw, 940px\" \/><\/a><\/p>\n<p><span style=\"color: #008000;\"><strong>Powiatowa Biblioteka Publiczna w Krasnymstawie<\/strong><\/span><br \/>Adres: ul. Pi\u0142sudskiego 5a , 22-300 Krasnystaw<br \/>e-mail: <strong>biblioteka@pbpkrasnystaw.pl<\/strong><\/p>\n<p>Telefon: (82) 576-25-09,\u00a0 (82) 576-19-28<br \/>Dyrektor: <strong>El\u017cbieta Patyk, <\/strong>e-mail:<strong> dyrektor@pbpkrasnystaw.pl<\/strong><\/p>\n<p><a href=\"https:\/\/www.pbpkrasnystaw.pl\/\" target=\"_blank\" rel=\"noopener noreferrer\">www.pbpkrasnystaw.pl<\/a><\/p>\n<p><a href=\"https:\/\/www.facebook.com\/profile.php?id=100064581860825\">https:\/\/www.facebook.com\/profile.php?id=100064581860825<\/a><\/p>\n<p>Zbiory: 30388<\/p>\n<p><span style=\"color: #0000ff;\"><strong>Katalog on-line Biblioteki<\/strong><\/span><\/p>\n<p><a href=\"https:\/\/omnis-krasnicki-krasnostawski.primo.exlibrisgroup.com\/discovery\/search?vid=48OMNIS_KRA:KRA_4\">https:\/\/omnis-krasnicki-krasnostawski.primo.exlibrisgroup.com\/discovery\/search?vid=48OMNIS_KRA:KRA_4<\/a><\/p>\n<p><span style=\"color: #008000;\"><strong>Miejska Biblioteka Publiczna w Krasnymstawie\u00a0<\/strong><\/span><br \/>Adres: ul. Okrzei 23, 22-300 Krasnystaw<\/p>\n<p>Telefon: (82) 576-20-93<br \/>e-mail: <strong>mbp@mbpkrasnystaw.com.pl<\/strong><\/p>\n<p><strong>Dyrektor: dr Artur Borz\u0119cki<\/strong><\/p>\n<p><a href=\"http:\/\/www.mbpkrasnystaw.com.pl\/\" target=\"_blank\" rel=\"noopener noreferrer\">www.mbpkrasnystaw.com.pl<\/a><\/p>\n<p><a href=\"https:\/\/www.facebook.com\/mbpkrasnystaw\">https:\/\/www.facebook.com\/mbpkrasnystaw<\/a><\/p>\n<p>Zbiory: 44612<a href=\"mailto:biblioteka@mbpkrasnystaw.com.pl\"><br \/><\/a><span style=\"color: #0000ff;\"><strong>Katalog on-line Biblioteki<\/strong><\/span><\/p>\n<p><a href=\"https:\/\/xn--szukamksiki-4kb16m.pl\/SkNewWeb\/bstart\/773\">https:\/\/xn--szukamksiki-4kb16m.pl\/SkNewWeb\/bstart\/773<\/a><\/p>\n<p><span style=\"color: #008000;\"><strong>Gminna Biblioteka Publiczna w Fajs\u0142awicach<\/strong><\/span><br \/>Adres: 21-060 Fajs\u0142awice 96<br \/>e-mail: <strong>biblioteka@fajslawice.eu<\/strong><br \/>Telefon: (81) 234- 51-10<br \/>Dyrektor: <strong>Justyna Zaj\u0105c<\/strong><br \/><a href=\"https:\/\/www.bibliotekafajslawice.pl\/\">https:\/\/www.bibliotekafajslawice.pl\/<\/a><\/p>\n<p><a href=\"https:\/\/www.facebook.com\/profile.php?id=100079733197935\">https:\/\/www.facebook.com\/profile.php?id=100079733197935<\/a><\/p>\n<p>Zbiory: 13069<\/p>\n<p><span style=\"color: #0000ff;\"><strong>Katalog on-line Biblioteki<\/strong><\/span><\/p>\n<p><a href=\"https:\/\/omnis-krasnicki-krasnostawski.primo.exlibrisgroup.com\/discovery\/search?vid=48OMNIS_KRA:KRA_1\">https:\/\/omnis-krasnicki-krasnostawski.primo.exlibrisgroup.com\/discovery\/search?vid=48OMNIS_KRA:KRA_1<\/a><\/p>\n<p><em>Filia Siedliska \u2013 Maria Madej<br \/><\/em><\/p>\n<p><span style=\"color: #008000;\"><strong>Gminna Biblioteka Publiczna w Gorzkowie<\/strong><\/span><br \/>Adres: ul. Nadrzeczna 4, 22-315 Gorzk\u00f3w<\/p>\n<p>e-mail: <strong>biblioteka@gorzkow.eu<\/strong><br \/>Telefon: (84) 683-81-01<\/p>\n<p>Dyrektor: <strong>El\u017cbieta Doma\u0144ska\u00a0<\/strong><\/p>\n<p>Bibliotekarz: Monika B\u0142\u0119dkowska<\/p>\n<p>Zbiory: 11521<\/p>\n<p><a href=\"https:\/\/www.facebook.com\/p\/Gminna-Biblioteka-Publiczna-w-Gorzkowie-100063738380511\/\">https:\/\/www.facebook.com\/p\/Gminna-Biblioteka-Publiczna-w-Gorzkowie-100063738380511\/<\/a><\/p>\n<p><span style=\"color: #008000;\"><strong>Gminna Biblioteka Publiczna im. Anny Platto w Izbicy z\/s w Tarnog\u00f3rze<\/strong><\/span><br \/>Adres: Gminna 1A,\u00a0 22-375 Izbica<br \/>e-mail: administracja@gbpizbica.pl<br \/>Telefon: (84) 618-30-58<\/p>\n<p>Dyrektor:<strong> Edyta Kurek<br \/><\/strong><\/p>\n<p>Bibliotekarz: Renata Jarmosz, Katarzyna G\u00f3rna<br \/><a href=\"https:\/\/gbpizbica.pl\/\">https:\/\/gbpizbica.pl\/<\/a><\/p>\n<p><a href=\"https:\/\/www.facebook.com\/biblioteka.izbica.1\">https:\/\/www.facebook.com\/biblioteka.izbica.1<\/a><\/p>\n<p>Zbiory: 29071<\/p>\n<p><span style=\"color: #0000ff;\"><strong>Katalog on-line Biblioteki<\/strong><\/span><\/p>\n<p><a href=\"https:\/\/omnis-krasnicki-krasnostawski.primo.exlibrisgroup.com\/discovery\/search?vid=48OMNIS_KRA:KRA_2\">https:\/\/omnis-krasnicki-krasnostawski.primo.exlibrisgroup.com\/discovery\/search?vid=48OMNIS_KRA:KRA_2<\/a><\/p>\n<p><em>Filie:<br \/>Kolonia Tarnog\u00f3ra \u2013 Ma\u0142gorzata M\u0105ka<br \/>Or\u0142\u00f3w Drewniany \u2013 Anita Dudek<br \/>Wirkowice- Renata Jarmosz<br \/><\/em><\/p>\n<p><span style=\"color: #008000;\"><strong>Biblioteka Publiczna Gminy Krasnystaw z\/s w Siennicy Nadolnej<\/strong><\/span><br \/>Adres: 22-302 Siennica Nadolna<br \/>e-mail: <strong>bpgkrasnystaw@gck.p9.pl<\/strong><br \/>Telefon: (82) 577-05-40<\/p>\n<p>Bibliotekarz: Barbara W\u00f3jcik<\/p>\n<p><a href=\"https:\/\/www.facebook.com\/BPGKrasnystaw\">https:\/\/www.facebook.com\/BPGKrasnystaw<\/a><\/p>\n<p>Zbiory: 17775<\/p>\n<p><span style=\"color: #0000ff;\"><strong>Katalog on-line Biblioteki<\/strong><\/span><\/p>\n<p><a href=\"https:\/\/omnis-krasnicki-krasnostawski.primo.exlibrisgroup.com\/discovery\/search?vid=48OMNIS_KRA:KRA_3\">https:\/\/omnis-krasnicki-krasnostawski.primo.exlibrisgroup.com\/discovery\/search?vid=48OMNIS_KRA:KRA_3<\/a><\/p>\n<p><em>Filie:<br \/>Krupe \u2013 Magdalena Staro\u0144<br \/>Niemienice &#8211; Anna Drozdalska<br \/><\/em><\/p>\n<p><strong><span style=\"color: #008000;\">Gminna Biblioteka Publiczna w Kra\u015bniczynie<\/span><br \/><\/strong>Adres: ul. Ko\u015bciuszki 16, 22-310 Kra\u015bniczyn<br \/>e-mail: <strong>12@gbpkrasniczyn.pl<\/strong><br \/>Telefon: (82) 577-57-30<\/p>\n<p>Dyrektor:<strong> Beata Zadr\u0105g<br \/><\/strong><\/p>\n<p>Bibliotekarz: \u017baneta Hadam<br \/>Zbiory: 12286<\/p>\n<p><a href=\"https:\/\/www.facebook.com\/profile.php?id=100063657039200\">https:\/\/www.facebook.com\/profile.php?id=100063657039200<\/a><\/p>\n<p><span style=\"color: #008000;\"><strong>Biblioteka Publiczna Gminy w \u0141opienniku G\u00f3rnym<\/strong><\/span><br \/>Adres : 22-351 \u0141opiennik G\u00f3rny 1C<br \/>e-mail: <strong>bpg@bpglopiennik.pl<\/strong><br \/>Telefon: (82) 577-31-22<\/p>\n<p>Dyrektor: <strong>Gra\u017cyna Skrzypa<\/strong><\/p>\n<p>Bibliotekarz: Urszula Chemicz<\/p>\n<p><a href=\"https:\/\/bibliotekalopiennik.pl\/\">https:\/\/bibliotekalopiennik.pl\/<\/a><\/p>\n<p><a href=\"https:\/\/www.facebook.com\/BPGLopiennikGorny\">https:\/\/www.facebook.com\/BPGLopiennikGorny<\/a><\/p>\n<p>Zbiory: 18387<\/p>\n<p><span style=\"color: #0000ff;\"><strong>Katalog on-line Biblioteki<\/strong><\/span><\/p>\n<p><a href=\"https:\/\/xn--szukamksiki-4kb16m.pl\/SkNewWeb\/bstart\/1257\">https:\/\/xn--szukamksiki-4kb16m.pl\/SkNewWeb\/bstart\/1257<\/a><\/p>\n<p><em>Filia:<br \/>Wola \u017buli\u0144ska \u2013 Dorota Pawlas<\/em><\/p>\n<p><a href=\"https:\/\/www.facebook.com\/p\/Filia-Biblioteczna-w-Woli-%C5%BBuli%C5%84skiej-100063007371782\/\">https:\/\/www.facebook.com\/p\/Filia-Biblioteczna-w-Woli-%C5%BBuli%C5%84skiej-100063007371782\/<\/a><\/p>\n<p><span style=\"color: #008000;\"><strong>Biblioteka Publiczna Gminy Rudnik<\/strong><\/span><br \/>Adres: 22-430 Rudnik 64<br \/>e-mail: <strong>bp@rudnik.gmina.pl<\/strong><br \/>Telefon: (84) 684-11-11<\/p>\n<p>Dyrektor: <strong>Anna Antoszczak<\/strong><\/p>\n<p>Bibliotekarz: Barbara Wargol<\/p>\n<p><a href=\"https:\/\/www.facebook.com\/gbprudnik\">https:\/\/www.facebook.com\/gbprudnik<\/a><\/p>\n<p>Zbiory: 23652<\/p>\n<p><span style=\"color: #008000;\"><strong>Biblioteka Publiczna im. Ryszarda Kapu\u015bci\u0144skiego w Siennicy R\u00f3\u017canej<\/strong><\/span><br \/>Adres: 22-304 Siennica R\u00f3\u017cana<br \/>e-mail: <strong>ck@kulturasiennica.pl<\/strong><\/p>\n<p>Bibliotekarz: Ewelina Matczuk<br \/>Zbiory: 9313<\/p>\n<p><a href=\"https:\/\/www.facebook.com\/CentrumKulturySiennicaRozana\">https:\/\/www.facebook.com\/CentrumKulturySiennicaRozana<\/a><\/p>\n<p><span style=\"color: #008000;\"><strong>Gminna Biblioteka Publiczna w \u017b\u00f3\u0142kiewce<\/strong><\/span><br \/>Adres: ul. Kr\u00f3tka3, 22-335 \u017b\u00f3\u0142kiewka<br \/>e-mail: <strong>bp.zolkiewka@poczta.onet.pl<\/strong><br \/>Telefon: (84) 683-17-28<\/p>\n<p>Bibliotekarze:\u00a0 Ma\u0142gorzata Chyrchel, Magdalena Szczepanik<\/p>\n<p><a href=\"https:\/\/www.facebook.com\/profile.php?id=100063705512301\">https:\/\/www.facebook.com\/profile.php?id=100063705512301<\/a><\/p>\n<p>Zbiory: 17748<\/p>\n<p><span style=\"color: #0000ff;\"><strong>Katalog on-line Biblioteki<\/strong><\/span><\/p>\n<p><a href=\"https:\/\/szukamksi\u0105\u017cki.pl\/SkNewWeb\/bstart\/1163\">https:\/\/szukamksi\u0105\u017cki.pl\/SkNewWeb\/bstart\/1163<\/a><\/p>\n<p><em>Filia: Ch\u0142ani\u00f3w<br \/><\/em><\/p>\n\n\n<p><\/p>\n","protected":false},"excerpt":{"rendered":"<p>W powiecie krasnostawskim funkcjonuje Biblioteka Powiatowa, Biblioteka Miejska, 9 Bibliotek Gminnych i ich 9 filii. Biblioteki oraz ich filie gromadz\u0105 ksi\u0119gozbiory, uwzgl\u0119dniaj\u0105c wiek i skal\u0119 zainteresowa\u0144 wszystkich mi\u0142o\u015bnik\u00f3w literatury. Udost\u0119pniaj\u0105 mieszka\u0144com powiatu zbiory z r\u00f3\u017cnych dziedzin wiedzy. Przede wszystkim coraz bardziej poszukiwan\u0105 literatur\u0119 popularnonaukow\u0105, beletrystyk\u0119 dla dzieci, m\u0142odzie\u017cy i doros\u0142ych, a tak\u017ce lektury zwi\u0105zane z programem nauczania dla wszystkich typ\u00f3w szk\u00f3\u0142, oferuj\u0105 czasopisma, udzielaj\u0105 informacji o zbiorach oraz o regionie. Biblioteki prowadz\u0105 dzia\u0142alno\u015b\u0107 kulturaln\u0105 staraj\u0105c si\u0119 zaspokoi\u0107 potrzeby w zakresie us\u0142ug informacyjnych, edukacyjnych, intelektualnych. Wspieraj\u0105 procesy zdobywania wiedzy oraz promuj\u0105 r\u00f3\u017cne formy pracy kulturalnej i o\u015bwiatowej z czytelnikiem indywidualnym i zbiorowym. Sie\u0107 bibliotek publicznych w powiecie krasnostawskim Powiatowa Biblioteka Publiczna w KrasnymstawieAdres: ul. Pi\u0142sudskiego 5a , 22-300 Krasnystawe-mail: biblioteka@pbpkrasnystaw.pl Telefon: (82) 576-25-09,\u00a0 (82) 576-19-28Dyrektor: El\u017cbieta Patyk, e-mail: dyrektor@pbpkrasnystaw.pl www.pbpkrasnystaw.pl https:\/\/www.facebook.com\/profile.php?id=100064581860825 Zbiory: 30388 Katalog on-line Biblioteki https:\/\/omnis-krasnicki-krasnostawski.primo.exlibrisgroup.com\/discovery\/search?vid=48OMNIS_KRA:KRA_4 Miejska Biblioteka Publiczna w Krasnymstawie\u00a0Adres: ul. Okrzei 23, 22-300 Krasnystaw Telefon: (82) 576-20-93e-mail: mbp@mbpkrasnystaw.com.pl Dyrektor: dr Artur Borz\u0119cki www.mbpkrasnystaw.com.pl https:\/\/www.facebook.com\/mbpkrasnystaw Zbiory: 44612Katalog on-line Biblioteki https:\/\/xn--szukamksiki-4kb16m.pl\/SkNewWeb\/bstart\/773 Gminna Biblioteka Publiczna w Fajs\u0142awicachAdres: 21-060 Fajs\u0142awice 96e-mail: biblioteka@fajslawice.euTelefon: (81) 234- 51-10Dyrektor: Justyna Zaj\u0105chttps:\/\/www.bibliotekafajslawice.pl\/ https:\/\/www.facebook.com\/profile.php?id=100079733197935 Zbiory: 13069 Katalog on-line Biblioteki https:\/\/omnis-krasnicki-krasnostawski.primo.exlibrisgroup.com\/discovery\/search?vid=48OMNIS_KRA:KRA_1 Filia Siedliska \u2013 Maria Madej Gminna Biblioteka Publiczna w GorzkowieAdres: ul. Nadrzeczna 4, 22-315 Gorzk\u00f3w e-mail: biblioteka@gorzkow.euTelefon: (84) 683-81-01 Dyrektor: El\u017cbieta Doma\u0144ska\u00a0 Bibliotekarz: Monika B\u0142\u0119dkowska Zbiory: 11521 https:\/\/www.facebook.com\/p\/Gminna-Biblioteka-Publiczna-w-Gorzkowie-100063738380511\/ Gminna Biblioteka Publiczna im. Anny Platto w Izbicy z\/s w Tarnog\u00f3rzeAdres: Gminna 1A,\u00a0 22-375 Izbicae-mail: administracja@gbpizbica.plTelefon: (84) 618-30-58 Dyrektor: Edyta Kurek Bibliotekarz: Renata Jarmosz, Katarzyna G\u00f3rnahttps:\/\/gbpizbica.pl\/ https:\/\/www.facebook.com\/biblioteka.izbica.1 Zbiory: 29071 Katalog on-line Biblioteki https:\/\/omnis-krasnicki-krasnostawski.primo.exlibrisgroup.com\/discovery\/search?vid=48OMNIS_KRA:KRA_2 Filie:Kolonia Tarnog\u00f3ra \u2013 Ma\u0142gorzata M\u0105kaOr\u0142\u00f3w Drewniany \u2013 Anita DudekWirkowice- Renata Jarmosz Biblioteka Publiczna Gminy Krasnystaw z\/s w Siennicy NadolnejAdres: 22-302 Siennica Nadolnae-mail: bpgkrasnystaw@gck.p9.plTelefon: (82) 577-05-40 Bibliotekarz: Barbara W\u00f3jcik https:\/\/www.facebook.com\/BPGKrasnystaw Zbiory: 17775 Katalog on-line Biblioteki https:\/\/omnis-krasnicki-krasnostawski.primo.exlibrisgroup.com\/discovery\/search?vid=48OMNIS_KRA:KRA_3 Filie:Krupe \u2013 Magdalena Staro\u0144Niemienice &#8211; Anna Drozdalska Gminna Biblioteka Publiczna w Kra\u015bniczynieAdres: ul. Ko\u015bciuszki 16, 22-310 Kra\u015bniczyne-mail: 12@gbpkrasniczyn.plTelefon: (82) 577-57-30 Dyrektor: Beata Zadr\u0105g Bibliotekarz: \u017baneta HadamZbiory: 12286 https:\/\/www.facebook.com\/profile.php?id=100063657039200 Biblioteka Publiczna Gminy w \u0141opienniku G\u00f3rnymAdres : 22-351 \u0141opiennik G\u00f3rny 1Ce-mail: bpg@bpglopiennik.plTelefon: (82) 577-31-22 Dyrektor: Gra\u017cyna Skrzypa Bibliotekarz: Urszula Chemicz https:\/\/bibliotekalopiennik.pl\/ https:\/\/www.facebook.com\/BPGLopiennikGorny Zbiory: 18387 Katalog on-line Biblioteki https:\/\/xn--szukamksiki-4kb16m.pl\/SkNewWeb\/bstart\/1257 Filia:Wola \u017buli\u0144ska \u2013 Dorota Pawlas https:\/\/www.facebook.com\/p\/Filia-Biblioteczna-w-Woli-%C5%BBuli%C5%84skiej-100063007371782\/ Biblioteka Publiczna Gminy RudnikAdres: 22-430 Rudnik 64e-mail: bp@rudnik.gmina.plTelefon: (84) 684-11-11 Dyrektor: Anna Antoszczak Bibliotekarz: Barbara Wargol https:\/\/www.facebook.com\/gbprudnik Zbiory: 23652 Biblioteka Publiczna im. Ryszarda Kapu\u015bci\u0144skiego w Siennicy R\u00f3\u017canejAdres: 22-304 Siennica R\u00f3\u017canae-mail: ck@kulturasiennica.pl Bibliotekarz: Ewelina MatczukZbiory: 9313 https:\/\/www.facebook.com\/CentrumKulturySiennicaRozana Gminna Biblioteka Publiczna w \u017b\u00f3\u0142kiewceAdres: ul. Kr\u00f3tka3, 22-335 \u017b\u00f3\u0142kiewkae-mail: bp.zolkiewka@poczta.onet.plTelefon: (84) 683-17-28 Bibliotekarze:\u00a0 Ma\u0142gorzata Chyrchel, Magdalena Szczepanik https:\/\/www.facebook.com\/profile.php?id=100063705512301 Zbiory: 17748 Katalog on-line Biblioteki https:\/\/szukamksi\u0105\u017cki.pl\/SkNewWeb\/bstart\/1163 Filia: Ch\u0142ani\u00f3w<\/p>\n","protected":false},"author":2,"featured_media":0,"parent":20,"menu_order":0,"comment_status":"closed","ping_status":"open","template":"onecolumn-page.php","meta":{"footnotes":""},"class_list":["post-55","page","type-page","status-publish","hentry"],"_links":{"self":[{"href":"https:\/\/www.pbpkrasnystaw.pl\/index.php?rest_route=\/wp\/v2\/pages\/55","targetHints":{"allow":["GET"]}}],"collection":[{"href":"https:\/\/www.pbpkrasnystaw.pl\/index.php?rest_route=\/wp\/v2\/pages"}],"about":[{"href":"https:\/\/www.pbpkrasnystaw.pl\/index.php?rest_route=\/wp\/v2\/types\/page"}],"author":[{"embeddable":true,"href":"https:\/\/www.pbpkrasnystaw.pl\/index.php?rest_route=\/wp\/v2\/users\/2"}],"replies":[{"embeddable":true,"href":"https:\/\/www.pbpkrasnystaw.pl\/index.php?rest_route=%2Fwp%2Fv2%2Fcomments&post=55"}],"version-history":[{"count":37,"href":"https:\/\/www.pbpkrasnystaw.pl\/index.php?rest_route=\/wp\/v2\/pages\/55\/revisions"}],"predecessor-version":[{"id":19722,"href":"https:\/\/www.pbpkrasnystaw.pl\/index.php?rest_route=\/wp\/v2\/pages\/55\/revisions\/19722"}],"up":[{"embeddable":true,"href":"https:\/\/www.pbpkrasnystaw.pl\/index.php?rest_route=\/wp\/v2\/pages\/20"}],"wp:attachment":[{"href":"https:\/\/www.pbpkrasnystaw.pl\/index.php?rest_route=%2Fwp%2Fv2%2Fmedia&parent=55"}],"curies":[{"name":"wp","href":"https:\/\/api.w.org\/{rel}","templated":true}]}}